ns digit of 61680?
8
What is the tens digit of 14130?
3
What is the thousands digit of 4820?
4
What is the units digit of 8912?
2
What is the units digit of 3622?
2
What is the thousands digit of 46028?
6
What is the thousands digit of 3360?
3
What is the hundreds digit of 2108?
1
What is the thousands digit of 48900?
8
What is the ten thousands digit of 17342?
1
What is the units digit of 3003?
3
What is the units digit of 966?
6
What is the hundred thousands digit of 102381?
1
What is the thousands digit of 24692?
4
What is the units digit of 4041?
1
What is the thousands digit of 5488?
5
What is the units digit of 52?
2
What is the units digit of 489?
9
What is the thousands digit of 2339?
2
What is the thousands digit of 2442?
2
What is the hundreds digit of 9910?
9
What is the hundreds digit of 16834?
8
What is the hundreds digit of 1742?
7
What is the hundreds digit of 951?
9
What is the thousands digit of 2066?
2
What is the hundreds digit of 2025?
0
What is the thousands digit of 52899?
2
What is the tens digit of 2211?
1
What is the hundreds digit of 32709?
7
What is the hundreds digit of 5665?
6
What is the hundreds digit of 4720?
7
What is the thousands digit of 17213?
7
What is the units digit of 2716?
6
What is the thousands digit of 1083?
1
What is the hundreds digit of 10964?
9
What is the thousands digit of 3042?
3
What is the hundreds digit of 542?
5
What is the ten thousands digit of 168303?
6
What is the hundreds digit of 1136?
1
What is the tens digit of 216?
1
What is the hundreds digit of 601?
6
What is the hundreds digit of 30653?
6
What is the tens digit of 2750?
5
What is the thousands digit of 15819?
5
What is the units digit of 4658?
8
What is the hundreds digit of 583?
5
What is the tens digit of 2812?
1
What is the tens digit of 922?
2
What is the thousands digit of 66986?
6
What is the hundreds digit of 2299?
2
What is the tens digit of 961?
6
What is the thousands digit of 4214?
4
What is the thousands digit of 2538?
2
What is the thousands digit of 14672?
4
What is the ten thousands digit of 29611?
2
What is the units digit of 4949?
9
What is the thousands digit of 1003?
1
What is the tens digit of 113?
1
What is the ten thousands digit of 27813?
2
What is the units digit of 1133?
3
What is the hundreds digit of 7517?
5
What is the units digit of 3113?
3
What is the tens digit of 2957?
5
What is the thousands digit of 25429?
5
What is the tens digit of 689?
8
What is the tens digit of 5451?
5
What is the thousands digit of 3274?
3
What is the hundreds digit of 450?
4
What is the units digit of 4644?
4
What is the units digit of 2409?
9
What is the thousands digit of 4071?
4
What is the hundreds digit of 2332?
3
What is the thousands digit of 4214?
4
What is the units digit of 679?
9
What is the tens digit of 1858?
5
What is the hundreds digit of 538?
5
What is the tens digit of 2060?
6
What is the hundreds digit of 29734?
7
What is the thousands digit of 22792?
2
What is the units digit of 17117?
7
What is the units digit of 8642?
2
What is the units digit of 54854?
4
What is the units digit of 1141?
1
What is the tens digit of 5824?
2
What is the ten thousands digit of 39797?
3
What is the tens digit of 51878?
7
What is the tens digit of 926?
2
What is the hundreds digit of 3384?
3
What is the units digit of 19842?
2
What is the thousands digit of 102474?
2
What is the tens digit of 5193?
9
What is the hundreds digit of 397?
3
What is the thousands digit of 5091?
5
What is the units digit of 14315?
5
What is the units digit of 2410?
0
What is the units digit of 718?
8
What is the hundred thousands digit of 128683?
1
What is the thousands digit of 1500?
1
What is the units digit of 347?
7
What is the tens digit of 3514?
1
What is the units digit of 5026?
6
What is the hundreds digit of 1017?
0
What is the thousands digit of 3352?
3
What is the thousands digit of 102655?
2
What is the tens digit of 1127?
2
What is the thousands digit of 48299?
8
What is the units digit of 13778?
8
What is the hundreds digit of 77090?
0
What is the ten thousands digit of 13949?
1
What is the units digit of 9593?
3
What is the tens digit of 3104?
0
What is the tens digit of 298?
9
What is the hundreds digit of 742?
7
What is the ten thousands digit of 178801?
7
What is the tens digit of 638?
3
What is the ten thousands digit of 106205?
0
What is the thousands digit of 1506?
1
What is the hundreds digit of 38799?
7
What is the units digit of 4351?
1
What is the units digit of 196?
6
What is the units digit of 57875?
5
What is the hundreds digit of 7344?
3
What is the hundreds digit of 14821?
8
What is the hundreds digit of 1721?
7
What is the thousands digit of 6344?
6
What is the tens digit of 1917?
1
What is the hundred thousands digit of 102212?
1
What is the tens digit of 8472?
7
What is the units digit of 759?
9
What is the hundreds digit of 1041?
0
What is the hundreds digit of 1734?
7
What is the hundreds digit of 2188?
1
What is the ten thousands digit of 15916?
1
What is the thousands digit of 16775?
6
What is the thousands digit of 1005?
1
What is the thousands digit of 1081?
1
What is the hundreds digit of 9413?
4
What is the hundreds digit of 20874?
8
What is the hundreds digit of 4536?
5
What is the thousands digit of 25325?
5
What is the hundreds digit of 526?
5
What is the tens digit of 730?
3
What is the hundreds digit of 1120?
1
What is the units digit of 570?
0
What is the units digit of 1184?
4
What is the units digit of 4040?
0
What is the units digit of 66708?
8
What is the tens digit of 2409?
0
What is the thousands digit of 15709?
5
What is the units digit of 803?
3
What is the tens digit of 18713?
1
What is the tens digit of 16601?
0
What is the units digit of 45277?
7
What is the tens digit of 11669?
6
What is the units digit of 23695?
5
What is the units digit of 1453?
3
What is the ten thousands digit of 51267?
5
What is the tens digit of 2346?
4
What is the thousands digit of 2247?
2
What is the tens digit of 2511?
1
What is the hundreds digit of 1607?
6
What is the hundreds digit of 100976?
9
What is the thousands digit of 57322?
7
What is the units digit of 9358?
8
What is the hundreds digit of 7369?
3
What is the units digit of 12300?
0
What is the units digit of 42926?
6
What is the tens digit of 1057?
5
What is the thousands digit of 1233?
1
What is the tens digit of 2221?
2
What is the tens digit of 2935?
3
What is the ten thousands digit of 16311?
1
What is the tens digit of 796?
9
What is the thousands digit of 25458?
5
What is the units digit of 839?
9
What is the tens digit of 1023?
2
What is the thousands digit of 1285?
1
What is the tens digit of 55635?
3
What is the thousands digit of 84300?
4
What is the tens digit of 28720?
2
What is the tens digit of 110?
1
What is the units digit of 44400?
0
What is the tens digit of 6686?
8
What is the tens digit of 39993?
9
What is the thousands digit of 12554?
2
What is the hundreds digit of 12996?
9
What is the hundreds digit of 47657?
6
What is the ten thousands digit of 44718?
4
What is the tens digit of 119873?
7
What is the units digit of 4949?
9
What is the thousands digit of 2013?
2
What is the tens digit of 962?
6
What is the units digit of 48494?
4
What is the ten thousands digit of 32940?
3
What is the hundreds digit of 150419?
4
What is the tens digit of 357?
5
What is the units digit of 32?
2
What is the hundreds digit of 3861?
8
What is the units digit of 2898?
8
What is the units digit of 7497?
7
What is the hundreds digit of 8487?
4
What is the units digit of 753?
3
What is the units digit of 7885?
5
What is the tens digit of 11538?
3
What is the units digit of 29651?
1
What is the units digit of 36089?
9
What is the hundreds digit of 822?
8
What is the tens digit of 623?
2
What is the thousands digit of 3948?
3
What is the hundreds digit of 14626?
6
What is the ten thousands digit of 16281?
1
What is the thousands digit of 2213?
2
What is the units digit of 1090?
0
What is the ten thousands digit of 11730?
1
What is the thousands digit of 13895?
3
What is the units digit of 2418?
8
What is the tens digit of 117?
1
What is the thousands digit of 27339?
7
What is the ten thousands digit of 16842?
1
What is the hundreds digit of 2010?